{"id":7805,"date":"2024-02-15T16:29:58","date_gmt":"2024-02-15T16:29:58","guid":{"rendered":"https:\/\/sleepcity.ee\/?post_type=product&#038;p=7805"},"modified":"2025-05-23T16:12:31","modified_gmt":"2025-05-23T16:12:31","slug":"smart-pehme-padi-80-x-80-cm","status":"publish","type":"product","link":"https:\/\/www.sleepcity.ee\/toode\/smart-pehme-padi-80-x-80-cm\/","title":{"rendered":"Smart\u00ae pehme padi 80 x 80 cm"},"content":{"rendered":"<p class=\"ProductMeta__CustomHeading Text infobox\"><strong>Toote omadused<\/strong><\/p>\n<p><em><strong>S<\/strong><\/em><strong>mart\u00ae PEHME PADI 80 x 80 cm<\/strong><em><strong><br \/>\n<\/strong><\/em><\/p>\n<p><em><strong>Uuenduslikud ja j\u00e4tkusuutlikud materjalid<\/strong><\/em><br \/>\nKvaliteetne t\u00e4idis koosneb ainulaadsest PrimaLoft\u00a0<sup>\u00ae<\/sup>\u00a0Bio\u2122 kiust, mis on maailma esimene s\u00fcnteetiline kangas, mis koosneb 100% biolagunevatest taaskasutatud kiududest ning annab PEHME PADJA udusulgedele sarnased omadused ja k\u00f5rge vastupidavuse.<\/p>\n<p><em><strong>Sobib k\u00f5ikidele unet\u00fc\u00fcpidele t\u00e4nu individuaalselt reguleeritavale t\u00e4idise kogusele<\/strong><br \/>\n<\/em>PEHME PADI pakub optimaalset toe ja pehme painduvuse suhet, luues m\u00f5nusalt pehme, kuid m\u00f5\u00f5tmetelt stabiilse pinna, millel puhata.\u00a0T\u00e4nu integreeritud t\u00f5mblukule saab t\u00e4itekogust vastavalt soovile muuta ja kohandada vastavalt individuaalsetele magamisvajadustele.<\/p>\n<p><strong><em>Ideaalsed padjaomadused m\u00f5nusaks magamiskeskkonnaks.<\/em><\/strong><\/p>\n<p><em>Uudse <\/em>kiu koostise t\u00f5ttu iseloomustab patja k\u00f5rge hingavus, suurep\u00e4rane niiskusjuhtimine ja hea termoregulatsioon.<\/p>\n<p><strong><em>Vastupidav ja ideaalne allergikutele<\/em><\/strong><br \/>\nS\u00fcnteetiline t\u00e4itematerjal on j\u00e4tkusuutlik, vegan ja \u00fclimalt vastupidav.\u00a0Suure lesta- ja mikroobikindluse ning NOMITE sertifikaadiga puuvillase kattega padi sobib ideaalselt allergikutele, on kahjulike ainete vaba ja sertifitseeritud OEKO-TEX STANDARD 100 j\u00e4rgi.<\/p>\n<p>Padja\u00a0<em>m\u00f5\u00f5dud : XL &#8211;<\/em><strong>\u00a0<\/strong>80\u00a0<span class=\"a-list-item\"><span class=\"a-size-base\">x 80 cm<\/span><\/span><\/p>\n<p>Pakend: 60 x 30 x 20 cm\u00a0Mahutavus: 1300 g<\/p>\n<p class=\"ProductMeta__CustomHeading Text infobox\"><strong><span class=\"infoboxtext\">Leidke meie tooteomaduste p\u00f5hjal oma une jaoks ideaalne padi.<\/span><\/strong><\/p>\n<ul class=\"HorizontalList\">\n<li class=\"HorizontalList__Item ProductMeta__CustomIcons_ListItem\">\n<div class=\"ProductMeta__CustomIconImageWrapper\"><img decoding=\"async\" class=\"ProductMeta__CustomIconImage\" src=\"https:\/\/cdn.shopify.com\/s\/files\/1\/0397\/9611\/3570\/files\/produkteigenschaft_kissen_grosse_large1.png\" width=\"78\" height=\"78\" data-swift-lazy=\"1\" \/><\/div>\n<p class=\"ProductMeta__CustomIconText Text\">Suurus: suur<\/p>\n<\/li>\n<li class=\"HorizontalList__Item ProductMeta__CustomIcons_ListItem\">\n<div class=\"ProductMeta__CustomIconImageWrapper\"><img decoding=\"async\" class=\"ProductMeta__CustomIconImage\" src=\"https:\/\/cdn.shopify.com\/s\/files\/1\/0397\/9611\/3570\/files\/produkteigenschaft_kissen_hartegrad_weich1.png\" width=\"71\" height=\"71\" data-swift-lazy=\"1\" \/><\/div>\n<p class=\"ProductMeta__CustomIconText Text\">K\u00f5vadus: pehme<\/p>\n<\/li>\n<li class=\"HorizontalList__Item ProductMeta__CustomIcons_ListItem\">\n<div class=\"ProductMeta__CustomIconImageWrapper\"><img decoding=\"async\" class=\"ProductMeta__CustomIconImage\" src=\"https:\/\/cdn.shopify.com\/s\/files\/1\/0397\/9611\/3570\/files\/produkteigenschaft_nem_vegan.png\" width=\"76\" height=\"76\" data-swift-lazy=\"1\" \/><\/div>\n<p class=\"ProductMeta__CustomIconText Text\">Veganitele<\/p>\n<\/li>\n<\/ul>\n","protected":false},"excerpt":{"rendered":"<p><strong>Smart\u00ae SOFT padi \u2013 j\u00e4tkusuutlik esmaklassiline padi. Maga nagu pilvedel!<\/strong><\/p>\n<p>Avastage ainulaadne magamismugavus k\u00f5rgeima j\u00e4tkusuutlikkuse ja kvaliteediga!<\/p>\n<p>Uuenduslik PrimaLoft\u00ae Bio\u2122 kiud on maailma esimene s\u00fcnteetiline kangas, mis on valmistatud <strong>100% biolagunevatest taaskasutatud kiududest<\/strong> ja annab smart\u00ae SOFT PILLOW udusulgedele sarnased omadused ja k\u00f5rge vastupidavuse.<\/p>\n<p>Hingavad omadused, individuaalselt reguleeritav padja k\u00f5rgus ning optimaalne niiskuse ja temperatuuri juhtimine muudavad smart\u00ae SOFT PILLOW ideaalseks padjaks, et magada nii, nagu magaksite pilvedel.<\/p>\n<p>S\u00fcnteetiline t\u00e4itematerjal on j\u00e4tkusuutlik, <strong>vegan<\/strong> ja \u00fclimalt <strong>vastupidav<\/strong>.\u00a0Suure lesta- ja mikroobikindluse ning NOMITE sertifikaadiga puuvillase kattega padi sobib ideaalselt <strong>allergikutele<\/strong>, on kahjulike ainete vaba ja sertifitseeritud OEKO-TEX STANDARD 100 j\u00e4rgi.<\/p>\n","protected":false},"featured_media":7806,"comment_status":"open","ping_status":"closed","template":"","meta":{"_monsterinsights_skip_tracking":false,"_monsterinsights_sitenote_active":false,"_monsterinsights_sitenote_note":"","_monsterinsights_sitenote_category":0},"product_brand":[],"product_cat":[15,92,271],"product_tag":[],"class_list":{"0":"post-7805","1":"product","2":"type-product","3":"status-publish","4":"has-post-thumbnail","6":"product_cat-muu","7":"product_cat-padjad","8":"product_cat-sleepcity-padjad","10":"first","11":"instock","12":"taxable","13":"shipping-taxable","14":"purchasable","15":"product-type-simple"},"yoast_head":"<!-- This site is optimized with the Yoast SEO plugin v27.4 - https:\/\/yoast.com\/product\/yoast-seo-wordpress\/ -->\n<title>Smart\u00ae pehme padi 80 x 80 cm - SleepCity - Hea Une Valem<\/title>\n<meta name=\"description\" content=\"Smart\u00ae SOFT padi \u2013 j\u00e4tkusuutlik esmaklassiline padi. Maga nagu pilvedel!  Avastage ainulaadne magamismugavus k\u00f5rgeima j\u00e4tkusuutlikkuse ja kvaliteediga!  Uuenduslik PrimaLoft\u00ae Bio\u2122 kiud on maailma esimene s\u00fcnteetiline kangas, mis on valmistatud 100% biolagunevatest taaskasutatud kiududest ja annab smart\u00ae SOFT PILLOW udusulgedele sarnased omadused ja k\u00f5rge vastupidavuse.  Hingavad omadused, individuaalselt reguleeritav padja k\u00f5rgus ning optimaalne niiskuse ja temperatuuri juhtimine muudavad smart\u00ae SOFT PILLOW ideaalseks padjaks, et magada nii, nagu magaksite pilvedel.  S\u00fcnteetiline t\u00e4itematerjal on j\u00e4tkusuutlik, vegan ja \u00fclimalt vastupidav.\u00a0Suure lesta- ja mikroobikindluse ning NOMITE sertifikaadiga puuvillase kattega padi sobib ideaalselt allergikutele, on kahjulike ainete vaba ja sertifitseeritud OEKO-TEX STANDARD 100 j\u00e4rgi.\" \/>\n<meta name=\"robots\" content=\"index, follow, max-snippet:-1, max-image-preview:large, max-video-preview:-1\" \/>\n<link rel=\"canonical\" href=\"https:\/\/sleepcity.ee\/toode\/smart-pehme-padi-80-x-80-cm\/\" \/>\n<meta property=\"og:locale\" content=\"et_EE\" \/>\n<meta property=\"og:type\" content=\"article\" \/>\n<meta property=\"og:title\" content=\"Smart\u00ae pehme padi 80 x 80 cm - SleepCity - Hea Une Valem\" \/>\n<meta property=\"og:description\" content=\"Smart\u00ae SOFT padi \u2013 j\u00e4tkusuutlik esmaklassiline padi. Maga nagu pilvedel!  Avastage ainulaadne magamismugavus k\u00f5rgeima j\u00e4tkusuutlikkuse ja kvaliteediga!  Uuenduslik PrimaLoft\u00ae Bio\u2122 kiud on maailma esimene s\u00fcnteetiline kangas, mis on valmistatud 100% biolagunevatest taaskasutatud kiududest ja annab smart\u00ae SOFT PILLOW udusulgedele sarnased omadused ja k\u00f5rge vastupidavuse.  Hingavad omadused, individuaalselt reguleeritav padja k\u00f5rgus ning optimaalne niiskuse ja temperatuuri juhtimine muudavad smart\u00ae SOFT PILLOW ideaalseks padjaks, et magada nii, nagu magaksite pilvedel.  S\u00fcnteetiline t\u00e4itematerjal on j\u00e4tkusuutlik, vegan ja \u00fclimalt vastupidav.\u00a0Suure lesta- ja mikroobikindluse ning NOMITE sertifikaadiga puuvillase kattega padi sobib ideaalselt allergikutele, on kahjulike ainete vaba ja sertifitseeritud OEKO-TEX STANDARD 100 j\u00e4rgi.\" \/>\n<meta property=\"og:url\" content=\"https:\/\/sleepcity.ee\/toode\/smart-pehme-padi-80-x-80-cm\/\" \/>\n<meta property=\"og:site_name\" content=\"SleepCity - Hea Une Valem\" \/>\n<meta property=\"article:publisher\" content=\"http:\/\/www.fb.com\/TempurEstonia\" \/>\n<meta property=\"article:modified_time\" content=\"2025-05-23T16:12:31+00:00\" \/>\n<meta property=\"og:image\" content=\"https:\/\/sleepcity.ee\/wp-content\/uploads\/2024\/02\/smart-soft-pillow-large-80x80-kissen-bett-schlaf-weich_1500x1500.webp\" \/>\n\t<meta property=\"og:image:width\" content=\"1500\" \/>\n\t<meta property=\"og:image:height\" content=\"1500\" \/>\n\t<meta property=\"og:image:type\" content=\"image\/webp\" \/>\n<meta name=\"twitter:card\" content=\"summary_large_image\" \/>\n<meta name=\"twitter:label1\" content=\"Est. reading time\" \/>\n\t<meta name=\"twitter:data1\" content=\"1 minut\" \/>\n<script type=\"application\/ld+json\" class=\"yoast-schema-graph\">{\"@context\":\"https:\\\/\\\/schema.org\",\"@graph\":[{\"@type\":\"WebPage\",\"@id\":\"https:\\\/\\\/sleepcity.ee\\\/toode\\\/smart-pehme-padi-80-x-80-cm\\\/\",\"url\":\"https:\\\/\\\/sleepcity.ee\\\/toode\\\/smart-pehme-padi-80-x-80-cm\\\/\",\"name\":\"Smart\u00ae pehme padi 80 x 80 cm - SleepCity - Hea Une Valem\",\"isPartOf\":{\"@id\":\"https:\\\/\\\/sleepcity.ee\\\/#website\"},\"primaryImageOfPage\":{\"@id\":\"https:\\\/\\\/sleepcity.ee\\\/toode\\\/smart-pehme-padi-80-x-80-cm\\\/#primaryimage\"},\"image\":{\"@id\":\"https:\\\/\\\/sleepcity.ee\\\/toode\\\/smart-pehme-padi-80-x-80-cm\\\/#primaryimage\"},\"thumbnailUrl\":\"https:\\\/\\\/www.sleepcity.ee\\\/wp-content\\\/uploads\\\/2024\\\/02\\\/smart-soft-pillow-large-80x80-kissen-bett-schlaf-weich_1500x1500.webp\",\"datePublished\":\"2024-02-15T16:29:58+00:00\",\"dateModified\":\"2025-05-23T16:12:31+00:00\",\"description\":\"Smart\u00ae SOFT padi \u2013 j\u00e4tkusuutlik esmaklassiline padi. Maga nagu pilvedel! Avastage ainulaadne magamismugavus k\u00f5rgeima j\u00e4tkusuutlikkuse ja kvaliteediga! Uuenduslik PrimaLoft\u00ae Bio\u2122 kiud on maailma esimene s\u00fcnteetiline kangas, mis on valmistatud 100% biolagunevatest taaskasutatud kiududest ja annab smart\u00ae SOFT PILLOW udusulgedele sarnased omadused ja k\u00f5rge vastupidavuse. Hingavad omadused, individuaalselt reguleeritav padja k\u00f5rgus ning optimaalne niiskuse ja temperatuuri juhtimine muudavad smart\u00ae SOFT PILLOW ideaalseks padjaks, et magada nii, nagu magaksite pilvedel. S\u00fcnteetiline t\u00e4itematerjal on j\u00e4tkusuutlik, vegan ja \u00fclimalt vastupidav.\u00a0Suure lesta- ja mikroobikindluse ning NOMITE sertifikaadiga puuvillase kattega padi sobib ideaalselt allergikutele, on kahjulike ainete vaba ja sertifitseeritud OEKO-TEX STANDARD 100 j\u00e4rgi.\",\"breadcrumb\":{\"@id\":\"https:\\\/\\\/sleepcity.ee\\\/toode\\\/smart-pehme-padi-80-x-80-cm\\\/#breadcrumb\"},\"inLanguage\":\"et\",\"potentialAction\":[{\"@type\":\"ReadAction\",\"target\":[\"https:\\\/\\\/sleepcity.ee\\\/toode\\\/smart-pehme-padi-80-x-80-cm\\\/\"]}]},{\"@type\":\"ImageObject\",\"inLanguage\":\"et\",\"@id\":\"https:\\\/\\\/sleepcity.ee\\\/toode\\\/smart-pehme-padi-80-x-80-cm\\\/#primaryimage\",\"url\":\"https:\\\/\\\/www.sleepcity.ee\\\/wp-content\\\/uploads\\\/2024\\\/02\\\/smart-soft-pillow-large-80x80-kissen-bett-schlaf-weich_1500x1500.webp\",\"contentUrl\":\"https:\\\/\\\/www.sleepcity.ee\\\/wp-content\\\/uploads\\\/2024\\\/02\\\/smart-soft-pillow-large-80x80-kissen-bett-schlaf-weich_1500x1500.webp\",\"width\":1500,\"height\":1500},{\"@type\":\"BreadcrumbList\",\"@id\":\"https:\\\/\\\/sleepcity.ee\\\/toode\\\/smart-pehme-padi-80-x-80-cm\\\/#breadcrumb\",\"itemListElement\":[{\"@type\":\"ListItem\",\"position\":1,\"name\":\"Home\",\"item\":\"https:\\\/\\\/sleepcity.ee\\\/\"},{\"@type\":\"ListItem\",\"position\":2,\"name\":\"Pood\",\"item\":\"https:\\\/\\\/sleepcity.ee\\\/pood\\\/\"},{\"@type\":\"ListItem\",\"position\":3,\"name\":\"Smart\u00ae pehme padi 80 x 80 cm\"}]},{\"@type\":\"WebSite\",\"@id\":\"https:\\\/\\\/sleepcity.ee\\\/#website\",\"url\":\"https:\\\/\\\/sleepcity.ee\\\/\",\"name\":\"Tempur Shop\",\"description\":\"TEMPUR madratsid, voodid, padjad ja muud unetooted.\",\"publisher\":{\"@id\":\"https:\\\/\\\/sleepcity.ee\\\/#organization\"},\"potentialAction\":[{\"@type\":\"SearchAction\",\"target\":{\"@type\":\"EntryPoint\",\"urlTemplate\":\"https:\\\/\\\/sleepcity.ee\\\/?s={search_term_string}\"},\"query-input\":{\"@type\":\"PropertyValueSpecification\",\"valueRequired\":true,\"valueName\":\"search_term_string\"}}],\"inLanguage\":\"et\"},{\"@type\":\"Organization\",\"@id\":\"https:\\\/\\\/sleepcity.ee\\\/#organization\",\"name\":\"VG Design O\u00dc\",\"url\":\"https:\\\/\\\/sleepcity.ee\\\/\",\"logo\":{\"@type\":\"ImageObject\",\"inLanguage\":\"et\",\"@id\":\"https:\\\/\\\/sleepcity.ee\\\/#\\\/schema\\\/logo\\\/image\\\/\",\"url\":\"https:\\\/\\\/www.sleepcity.ee\\\/wp-content\\\/uploads\\\/2023\\\/09\\\/sleepcity_logo.png\",\"contentUrl\":\"https:\\\/\\\/www.sleepcity.ee\\\/wp-content\\\/uploads\\\/2023\\\/09\\\/sleepcity_logo.png\",\"width\":1034,\"height\":318,\"caption\":\"VG Design O\u00dc\"},\"image\":{\"@id\":\"https:\\\/\\\/sleepcity.ee\\\/#\\\/schema\\\/logo\\\/image\\\/\"},\"sameAs\":[\"http:\\\/\\\/www.fb.com\\\/TempurEstonia\",\"http:\\\/\\\/www.instagram.com\\\/tempurestonia\"]}]}<\/script>\n<!-- \/ Yoast SEO plugin. -->","yoast_head_json":{"title":"Smart\u00ae pehme padi 80 x 80 cm - SleepCity - Hea Une Valem","description":"Smart\u00ae SOFT padi \u2013 j\u00e4tkusuutlik esmaklassiline padi. Maga nagu pilvedel!  Avastage ainulaadne magamismugavus k\u00f5rgeima j\u00e4tkusuutlikkuse ja kvaliteediga!  Uuenduslik PrimaLoft\u00ae Bio\u2122 kiud on maailma esimene s\u00fcnteetiline kangas, mis on valmistatud 100% biolagunevatest taaskasutatud kiududest ja annab smart\u00ae SOFT PILLOW udusulgedele sarnased omadused ja k\u00f5rge vastupidavuse.  Hingavad omadused, individuaalselt reguleeritav padja k\u00f5rgus ning optimaalne niiskuse ja temperatuuri juhtimine muudavad smart\u00ae SOFT PILLOW ideaalseks padjaks, et magada nii, nagu magaksite pilvedel.  S\u00fcnteetiline t\u00e4itematerjal on j\u00e4tkusuutlik, vegan ja \u00fclimalt vastupidav.\u00a0Suure lesta- ja mikroobikindluse ning NOMITE sertifikaadiga puuvillase kattega padi sobib ideaalselt allergikutele, on kahjulike ainete vaba ja sertifitseeritud OEKO-TEX STANDARD 100 j\u00e4rgi.","robots":{"index":"index","follow":"follow","max-snippet":"max-snippet:-1","max-image-preview":"max-image-preview:large","max-video-preview":"max-video-preview:-1"},"canonical":"https:\/\/sleepcity.ee\/toode\/smart-pehme-padi-80-x-80-cm\/","og_locale":"et_EE","og_type":"article","og_title":"Smart\u00ae pehme padi 80 x 80 cm - SleepCity - Hea Une Valem","og_description":"Smart\u00ae SOFT padi \u2013 j\u00e4tkusuutlik esmaklassiline padi. Maga nagu pilvedel!  Avastage ainulaadne magamismugavus k\u00f5rgeima j\u00e4tkusuutlikkuse ja kvaliteediga!  Uuenduslik PrimaLoft\u00ae Bio\u2122 kiud on maailma esimene s\u00fcnteetiline kangas, mis on valmistatud 100% biolagunevatest taaskasutatud kiududest ja annab smart\u00ae SOFT PILLOW udusulgedele sarnased omadused ja k\u00f5rge vastupidavuse.  Hingavad omadused, individuaalselt reguleeritav padja k\u00f5rgus ning optimaalne niiskuse ja temperatuuri juhtimine muudavad smart\u00ae SOFT PILLOW ideaalseks padjaks, et magada nii, nagu magaksite pilvedel.  S\u00fcnteetiline t\u00e4itematerjal on j\u00e4tkusuutlik, vegan ja \u00fclimalt vastupidav.\u00a0Suure lesta- ja mikroobikindluse ning NOMITE sertifikaadiga puuvillase kattega padi sobib ideaalselt allergikutele, on kahjulike ainete vaba ja sertifitseeritud OEKO-TEX STANDARD 100 j\u00e4rgi.","og_url":"https:\/\/sleepcity.ee\/toode\/smart-pehme-padi-80-x-80-cm\/","og_site_name":"SleepCity - Hea Une Valem","article_publisher":"http:\/\/www.fb.com\/TempurEstonia","article_modified_time":"2025-05-23T16:12:31+00:00","og_image":[{"width":1500,"height":1500,"url":"https:\/\/sleepcity.ee\/wp-content\/uploads\/2024\/02\/smart-soft-pillow-large-80x80-kissen-bett-schlaf-weich_1500x1500.webp","type":"image\/webp"}],"twitter_card":"summary_large_image","twitter_misc":{"Est. reading time":"1 minut"},"schema":{"@context":"https:\/\/schema.org","@graph":[{"@type":"WebPage","@id":"https:\/\/sleepcity.ee\/toode\/smart-pehme-padi-80-x-80-cm\/","url":"https:\/\/sleepcity.ee\/toode\/smart-pehme-padi-80-x-80-cm\/","name":"Smart\u00ae pehme padi 80 x 80 cm - SleepCity - Hea Une Valem","isPartOf":{"@id":"https:\/\/sleepcity.ee\/#website"},"primaryImageOfPage":{"@id":"https:\/\/sleepcity.ee\/toode\/smart-pehme-padi-80-x-80-cm\/#primaryimage"},"image":{"@id":"https:\/\/sleepcity.ee\/toode\/smart-pehme-padi-80-x-80-cm\/#primaryimage"},"thumbnailUrl":"https:\/\/www.sleepcity.ee\/wp-content\/uploads\/2024\/02\/smart-soft-pillow-large-80x80-kissen-bett-schlaf-weich_1500x1500.webp","datePublished":"2024-02-15T16:29:58+00:00","dateModified":"2025-05-23T16:12:31+00:00","description":"Smart\u00ae SOFT padi \u2013 j\u00e4tkusuutlik esmaklassiline padi. Maga nagu pilvedel! Avastage ainulaadne magamismugavus k\u00f5rgeima j\u00e4tkusuutlikkuse ja kvaliteediga! Uuenduslik PrimaLoft\u00ae Bio\u2122 kiud on maailma esimene s\u00fcnteetiline kangas, mis on valmistatud 100% biolagunevatest taaskasutatud kiududest ja annab smart\u00ae SOFT PILLOW udusulgedele sarnased omadused ja k\u00f5rge vastupidavuse. Hingavad omadused, individuaalselt reguleeritav padja k\u00f5rgus ning optimaalne niiskuse ja temperatuuri juhtimine muudavad smart\u00ae SOFT PILLOW ideaalseks padjaks, et magada nii, nagu magaksite pilvedel. S\u00fcnteetiline t\u00e4itematerjal on j\u00e4tkusuutlik, vegan ja \u00fclimalt vastupidav.\u00a0Suure lesta- ja mikroobikindluse ning NOMITE sertifikaadiga puuvillase kattega padi sobib ideaalselt allergikutele, on kahjulike ainete vaba ja sertifitseeritud OEKO-TEX STANDARD 100 j\u00e4rgi.","breadcrumb":{"@id":"https:\/\/sleepcity.ee\/toode\/smart-pehme-padi-80-x-80-cm\/#breadcrumb"},"inLanguage":"et","potentialAction":[{"@type":"ReadAction","target":["https:\/\/sleepcity.ee\/toode\/smart-pehme-padi-80-x-80-cm\/"]}]},{"@type":"ImageObject","inLanguage":"et","@id":"https:\/\/sleepcity.ee\/toode\/smart-pehme-padi-80-x-80-cm\/#primaryimage","url":"https:\/\/www.sleepcity.ee\/wp-content\/uploads\/2024\/02\/smart-soft-pillow-large-80x80-kissen-bett-schlaf-weich_1500x1500.webp","contentUrl":"https:\/\/www.sleepcity.ee\/wp-content\/uploads\/2024\/02\/smart-soft-pillow-large-80x80-kissen-bett-schlaf-weich_1500x1500.webp","width":1500,"height":1500},{"@type":"BreadcrumbList","@id":"https:\/\/sleepcity.ee\/toode\/smart-pehme-padi-80-x-80-cm\/#breadcrumb","itemListElement":[{"@type":"ListItem","position":1,"name":"Home","item":"https:\/\/sleepcity.ee\/"},{"@type":"ListItem","position":2,"name":"Pood","item":"https:\/\/sleepcity.ee\/pood\/"},{"@type":"ListItem","position":3,"name":"Smart\u00ae pehme padi 80 x 80 cm"}]},{"@type":"WebSite","@id":"https:\/\/sleepcity.ee\/#website","url":"https:\/\/sleepcity.ee\/","name":"Tempur Shop","description":"TEMPUR madratsid, voodid, padjad ja muud unetooted.","publisher":{"@id":"https:\/\/sleepcity.ee\/#organization"},"potentialAction":[{"@type":"SearchAction","target":{"@type":"EntryPoint","urlTemplate":"https:\/\/sleepcity.ee\/?s={search_term_string}"},"query-input":{"@type":"PropertyValueSpecification","valueRequired":true,"valueName":"search_term_string"}}],"inLanguage":"et"},{"@type":"Organization","@id":"https:\/\/sleepcity.ee\/#organization","name":"VG Design O\u00dc","url":"https:\/\/sleepcity.ee\/","logo":{"@type":"ImageObject","inLanguage":"et","@id":"https:\/\/sleepcity.ee\/#\/schema\/logo\/image\/","url":"https:\/\/www.sleepcity.ee\/wp-content\/uploads\/2023\/09\/sleepcity_logo.png","contentUrl":"https:\/\/www.sleepcity.ee\/wp-content\/uploads\/2023\/09\/sleepcity_logo.png","width":1034,"height":318,"caption":"VG Design O\u00dc"},"image":{"@id":"https:\/\/sleepcity.ee\/#\/schema\/logo\/image\/"},"sameAs":["http:\/\/www.fb.com\/TempurEstonia","http:\/\/www.instagram.com\/tempurestonia"]}]}},"_links":{"self":[{"href":"https:\/\/www.sleepcity.ee\/wp-json\/wp\/v2\/product\/7805","targetHints":{"allow":["GET"]}}],"collection":[{"href":"https:\/\/www.sleepcity.ee\/wp-json\/wp\/v2\/product"}],"about":[{"href":"https:\/\/www.sleepcity.ee\/wp-json\/wp\/v2\/types\/product"}],"replies":[{"embeddable":true,"href":"https:\/\/www.sleepcity.ee\/wp-json\/wp\/v2\/comments?post=7805"}],"wp:featuredmedia":[{"embeddable":true,"href":"https:\/\/www.sleepcity.ee\/wp-json\/wp\/v2\/media\/7806"}],"wp:attachment":[{"href":"https:\/\/www.sleepcity.ee\/wp-json\/wp\/v2\/media?parent=7805"}],"wp:term":[{"taxonomy":"product_brand","embeddable":true,"href":"https:\/\/www.sleepcity.ee\/wp-json\/wp\/v2\/product_brand?post=7805"},{"taxonomy":"product_cat","embeddable":true,"href":"https:\/\/www.sleepcity.ee\/wp-json\/wp\/v2\/product_cat?post=7805"},{"taxonomy":"product_tag","embeddable":true,"href":"https:\/\/www.sleepcity.ee\/wp-json\/wp\/v2\/product_tag?post=7805"}],"curies":[{"name":"wp","href":"https:\/\/api.w.org\/{rel}","templated":true}]}}