{"id":5509,"date":"2023-09-07T11:19:10","date_gmt":"2023-09-07T11:19:10","guid":{"rendered":"https:\/\/sleepcity.ee\/?post_type=product&#038;p=5509"},"modified":"2025-05-23T18:02:33","modified_gmt":"2025-05-23T18:02:33","slug":"kattemadrats-tempur-pro-smartcool","status":"publish","type":"product","link":"https:\/\/sleepcity.ee\/toode\/kattemadrats-tempur-pro-smartcool\/","title":{"rendered":"Kattemadrats Tempur PRO Smartcool"},"content":{"rendered":"<p>Kattemadrats Tempur PRO Smartcool on klassikaline topper, mis v\u00f5imaldab suurt liikumisvabadust ja samas m\u00f5nusa survevabastuse. F\u00fc\u00fcsiliste piirangute v\u00f5i vanuse t\u00f5ttu ei saa inimesed enam \u00f6\u00f6siti nii kergesti \u00fcmber p\u00f6\u00f6rata, kuid TEMPUR kattemadrats aitab selles. MEDIUM kattemadrats sobib magajale, kes ei eelista ei liiga pehmet ega liiga tugevat magamisaset.<\/p>\n<ul>\n<li><strong>Materjal<\/strong>\u00a0: TEMPUR Adapt\u2122 materjal<\/li>\n<li><strong>K\u00f5rgus<\/strong> : 8 cm v\u00f5i 10cm<\/li>\n<li><b>Tunnetused: FIRM; MEDIUM; SOFT<\/b><\/li>\n<li><strong>Hooldus<\/strong> : TEMPUR Pro Plus SmartCool pealiskate on eemaldatav ja pestav kuni 60 kraadi juures<\/li>\n<li><strong>Sobib j\u00e4rgmistele madratsitele<\/strong> : uued vedrumadratsid, lateksmadratsid, k\u00fclmvahtmadratsid, m\u00e4luvahtmadratsid ja k\u00f5ik muud t\u00fc\u00fcpi madratsid<\/li>\n<li><strong>Garantii<\/strong>: 3 aastat<\/li>\n<\/ul>\n","protected":false},"excerpt":{"rendered":"<p data-start=\"216\" data-end=\"285\"><strong data-start=\"216\" data-end=\"285\">Muutke iga voodi luksuslikuks ja jahedaks \u2013 TEMPUR\u00ae kvaliteediga.<\/strong><\/p>\n<p data-start=\"287\" data-end=\"474\">TEMPUR PRO\u00ae Plus SmartCool\u2122 kattemadrats \u00fchendab TEMPURi k\u00f5ige arenenuma tehnoloogia, et pakkuda Teile s\u00fcgavat, toetavat ja v\u00e4rskendavalt jahedat und \u2013 \u00fcksk\u00f5ik, millisel madratsil magate.<\/p>\n<h4 data-start=\"476\" data-end=\"508\">TEMPUR\u00ae Advanced materjal<\/h4>\n<p data-start=\"509\" data-end=\"760\">TEMPURi uusima p\u00f5lvkonna vahtmaterjal <strong data-start=\"547\" data-end=\"585\">leevendab survet kuni 20% paremini<\/strong>, kohandudes t\u00e4pselt Teie kehavormi, kaalu ja liigutustega. See v\u00e4hendab \u00f6ist keerutamist, parandab vereringet ja aitab kehal l\u00f5\u00f5gastuda \u2013 tulemuseks s\u00fcgavam ja rahulikum uni.<\/p>\n<h4 data-start=\"762\" data-end=\"798\">SmartCool\u2122 jahutustehnoloogia<\/h4>\n<p data-start=\"799\" data-end=\"1111\">Innovaatiline SmartCool\u2122 kate tundub puudutades meeldivalt jahe ja aitab <strong data-start=\"872\" data-end=\"914\">reguleerida uneaegset kehatemperatuuri<\/strong>. NASA tehnoloogial p\u00f5hinev <strong data-start=\"942\" data-end=\"958\">PCM-materjal<\/strong> (faasimuutusmaterjal) neelab liigse kehasoojuse, s\u00e4ilitab selle ja vajadusel suunab tagasi \u2013 tagades <strong data-start=\"1060\" data-end=\"1093\">stabiilselt mugava une-kliima<\/strong> terve \u00f6\u00f6 jooksul.<\/p>\n<p data-start=\"799\" data-end=\"1111\"><em style=\"font-family: -apple-system, BlinkMacSystemFont, 'Segoe UI', Roboto, 'Helvetica Neue', Arial, 'Noto Sans', sans-serif, 'Apple Color Emoji', 'Segoe UI Emoji', 'Segoe UI Symbol', 'Noto Color Emoji';\" data-start=\"1115\" data-end=\"1209\">Katte m\u00f5ju une temperatuurile on m\u00e4rkimisv\u00e4\u00e4rne \u2013 see m\u00f5jutab kuni 30% kogu magamiskliimast.<\/em><\/p>\n<h4 data-start=\"1211\" data-end=\"1229\">Muud eelised:<\/h4>\n<ul data-start=\"1230\" data-end=\"1489\">\n<li data-start=\"1230\" data-end=\"1318\">\n<p data-start=\"1232\" data-end=\"1318\"><strong data-start=\"1232\" data-end=\"1259\">Saadaval kahe k\u00f5rgusega<\/strong> \u2013 8 cm ja 10 cm, et pakkuda just Sulle sobivat toestust.<\/p>\n<\/li>\n<li data-start=\"1319\" data-end=\"1403\">\n<p data-start=\"1321\" data-end=\"1403\"><strong data-start=\"1321\" data-end=\"1350\">Eemaldatav ja pestav kate<\/strong> \u2013 v\u00e4rskuse s\u00e4ilitamiseks pestav kuni 60 \u00b0C juures.<\/p>\n<\/li>\n<li data-start=\"1404\" data-end=\"1489\">\n<p data-start=\"1406\" data-end=\"1489\"><strong data-start=\"1406\" data-end=\"1455\">Sobib kasutamiseks \u00fcksk\u00f5ik millisel madratsil<\/strong>, et viia Sinu uni uuele tasemele.<\/p>\n<\/li>\n<\/ul>\n<p><em>Garantii on 3 aastat!<\/em><\/p>\n","protected":false},"featured_media":5510,"comment_status":"open","ping_status":"closed","template":"","meta":{"_monsterinsights_skip_tracking":false,"_monsterinsights_sitenote_active":false,"_monsterinsights_sitenote_note":"","_monsterinsights_sitenote_category":0},"product_brand":[],"product_cat":[87,269],"product_tag":[],"class_list":{"0":"post-5509","1":"product","2":"type-product","3":"status-publish","4":"has-post-thumbnail","6":"product_cat-madratsid","7":"product_cat-tempur-kattemadratsid","8":"pa_mudel-10cm","9":"pa_mudel-8cm","11":"first","12":"instock","13":"taxable","14":"shipping-taxable","15":"purchasable","16":"product-type-variable"},"yoast_head":"<!-- This site is optimized with the Yoast SEO plugin v27.3 - https:\/\/yoast.com\/product\/yoast-seo-wordpress\/ -->\n<title>Kattemadrats Tempur PRO Smartcool - SleepCity - Hea Une Valem<\/title>\n<meta name=\"description\" content=\"TEMPUR Topper Pro Plus on toodetud uue TEMPUR Advanced materjaliga. Kattemadrats kohandub kergesti teie kehaga, keerates k\u00fclge neelab kattemadrats liigutamisest tekkinud v\u00f5nked.\" \/>\n<meta name=\"robots\" content=\"index, follow, max-snippet:-1, max-image-preview:large, max-video-preview:-1\" \/>\n<link rel=\"canonical\" href=\"https:\/\/sleepcity.ee\/toode\/kattemadrats-tempur-pro-smartcool\/\" \/>\n<meta property=\"og:locale\" content=\"et_EE\" \/>\n<meta property=\"og:type\" content=\"article\" \/>\n<meta property=\"og:title\" content=\"Kattemadrats Tempur PRO Smartcool - SleepCity - Hea Une Valem\" \/>\n<meta property=\"og:description\" content=\"TEMPUR Topper Pro Plus on toodetud uue TEMPUR Advanced materjaliga. Kattemadrats kohandub kergesti teie kehaga, keerates k\u00fclge neelab kattemadrats liigutamisest tekkinud v\u00f5nked.\" \/>\n<meta property=\"og:url\" content=\"https:\/\/sleepcity.ee\/toode\/kattemadrats-tempur-pro-smartcool\/\" \/>\n<meta property=\"og:site_name\" content=\"SleepCity - Hea Une Valem\" \/>\n<meta property=\"article:publisher\" content=\"http:\/\/www.fb.com\/TempurEstonia\" \/>\n<meta property=\"article:modified_time\" content=\"2025-05-23T18:02:33+00:00\" \/>\n<meta property=\"og:image\" content=\"https:\/\/sleepcity.ee\/wp-content\/uploads\/2023\/09\/TEMPUR-Pro-Plus-SmartCool-Topper-4.jpg\" \/>\n\t<meta property=\"og:image:width\" content=\"1300\" \/>\n\t<meta property=\"og:image:height\" content=\"730\" \/>\n\t<meta property=\"og:image:type\" content=\"image\/jpeg\" \/>\n<meta name=\"twitter:card\" content=\"summary_large_image\" \/>\n<meta name=\"twitter:label1\" content=\"Est. reading time\" \/>\n\t<meta name=\"twitter:data1\" content=\"1 minut\" \/>\n<script type=\"application\/ld+json\" class=\"yoast-schema-graph\">{\"@context\":\"https:\\\/\\\/schema.org\",\"@graph\":[{\"@type\":\"WebPage\",\"@id\":\"https:\\\/\\\/sleepcity.ee\\\/toode\\\/kattemadrats-tempur-pro-smartcool\\\/\",\"url\":\"https:\\\/\\\/sleepcity.ee\\\/toode\\\/kattemadrats-tempur-pro-smartcool\\\/\",\"name\":\"Kattemadrats Tempur PRO Smartcool - SleepCity - Hea Une Valem\",\"isPartOf\":{\"@id\":\"https:\\\/\\\/sleepcity.ee\\\/#website\"},\"primaryImageOfPage\":{\"@id\":\"https:\\\/\\\/sleepcity.ee\\\/toode\\\/kattemadrats-tempur-pro-smartcool\\\/#primaryimage\"},\"image\":{\"@id\":\"https:\\\/\\\/sleepcity.ee\\\/toode\\\/kattemadrats-tempur-pro-smartcool\\\/#primaryimage\"},\"thumbnailUrl\":\"https:\\\/\\\/sleepcity.ee\\\/wp-content\\\/uploads\\\/2023\\\/09\\\/TEMPUR-Pro-Plus-SmartCool-Topper-4.jpg\",\"datePublished\":\"2023-09-07T11:19:10+00:00\",\"dateModified\":\"2025-05-23T18:02:33+00:00\",\"description\":\"TEMPUR Topper Pro Plus on toodetud uue TEMPUR Advanced materjaliga. Kattemadrats kohandub kergesti teie kehaga, keerates k\u00fclge neelab kattemadrats liigutamisest tekkinud v\u00f5nked.\",\"breadcrumb\":{\"@id\":\"https:\\\/\\\/sleepcity.ee\\\/toode\\\/kattemadrats-tempur-pro-smartcool\\\/#breadcrumb\"},\"inLanguage\":\"et\",\"potentialAction\":[{\"@type\":\"ReadAction\",\"target\":[\"https:\\\/\\\/sleepcity.ee\\\/toode\\\/kattemadrats-tempur-pro-smartcool\\\/\"]}]},{\"@type\":\"ImageObject\",\"inLanguage\":\"et\",\"@id\":\"https:\\\/\\\/sleepcity.ee\\\/toode\\\/kattemadrats-tempur-pro-smartcool\\\/#primaryimage\",\"url\":\"https:\\\/\\\/sleepcity.ee\\\/wp-content\\\/uploads\\\/2023\\\/09\\\/TEMPUR-Pro-Plus-SmartCool-Topper-4.jpg\",\"contentUrl\":\"https:\\\/\\\/sleepcity.ee\\\/wp-content\\\/uploads\\\/2023\\\/09\\\/TEMPUR-Pro-Plus-SmartCool-Topper-4.jpg\",\"width\":1300,\"height\":730},{\"@type\":\"BreadcrumbList\",\"@id\":\"https:\\\/\\\/sleepcity.ee\\\/toode\\\/kattemadrats-tempur-pro-smartcool\\\/#breadcrumb\",\"itemListElement\":[{\"@type\":\"ListItem\",\"position\":1,\"name\":\"Home\",\"item\":\"https:\\\/\\\/www.sleepcity.ee\\\/\"},{\"@type\":\"ListItem\",\"position\":2,\"name\":\"Pood\",\"item\":\"https:\\\/\\\/sleepcity.ee\\\/pood\\\/\"},{\"@type\":\"ListItem\",\"position\":3,\"name\":\"Kattemadrats Tempur PRO Smartcool\"}]},{\"@type\":\"WebSite\",\"@id\":\"https:\\\/\\\/sleepcity.ee\\\/#website\",\"url\":\"https:\\\/\\\/sleepcity.ee\\\/\",\"name\":\"Tempur Shop\",\"description\":\"TEMPUR madratsid, voodid, padjad ja muud unetooted.\",\"publisher\":{\"@id\":\"https:\\\/\\\/sleepcity.ee\\\/#organization\"},\"potentialAction\":[{\"@type\":\"SearchAction\",\"target\":{\"@type\":\"EntryPoint\",\"urlTemplate\":\"https:\\\/\\\/sleepcity.ee\\\/?s={search_term_string}\"},\"query-input\":{\"@type\":\"PropertyValueSpecification\",\"valueRequired\":true,\"valueName\":\"search_term_string\"}}],\"inLanguage\":\"et\"},{\"@type\":\"Organization\",\"@id\":\"https:\\\/\\\/sleepcity.ee\\\/#organization\",\"name\":\"VG Design O\u00dc\",\"url\":\"https:\\\/\\\/sleepcity.ee\\\/\",\"logo\":{\"@type\":\"ImageObject\",\"inLanguage\":\"et\",\"@id\":\"https:\\\/\\\/sleepcity.ee\\\/#\\\/schema\\\/logo\\\/image\\\/\",\"url\":\"https:\\\/\\\/sleepcity.ee\\\/wp-content\\\/uploads\\\/2023\\\/09\\\/sleepcity_logo.png\",\"contentUrl\":\"https:\\\/\\\/sleepcity.ee\\\/wp-content\\\/uploads\\\/2023\\\/09\\\/sleepcity_logo.png\",\"width\":1034,\"height\":318,\"caption\":\"VG Design O\u00dc\"},\"image\":{\"@id\":\"https:\\\/\\\/sleepcity.ee\\\/#\\\/schema\\\/logo\\\/image\\\/\"},\"sameAs\":[\"http:\\\/\\\/www.fb.com\\\/TempurEstonia\",\"http:\\\/\\\/www.instagram.com\\\/tempurestonia\"]}]}<\/script>\n<!-- \/ Yoast SEO plugin. -->","yoast_head_json":{"title":"Kattemadrats Tempur PRO Smartcool - SleepCity - Hea Une Valem","description":"TEMPUR Topper Pro Plus on toodetud uue TEMPUR Advanced materjaliga. Kattemadrats kohandub kergesti teie kehaga, keerates k\u00fclge neelab kattemadrats liigutamisest tekkinud v\u00f5nked.","robots":{"index":"index","follow":"follow","max-snippet":"max-snippet:-1","max-image-preview":"max-image-preview:large","max-video-preview":"max-video-preview:-1"},"canonical":"https:\/\/sleepcity.ee\/toode\/kattemadrats-tempur-pro-smartcool\/","og_locale":"et_EE","og_type":"article","og_title":"Kattemadrats Tempur PRO Smartcool - SleepCity - Hea Une Valem","og_description":"TEMPUR Topper Pro Plus on toodetud uue TEMPUR Advanced materjaliga. Kattemadrats kohandub kergesti teie kehaga, keerates k\u00fclge neelab kattemadrats liigutamisest tekkinud v\u00f5nked.","og_url":"https:\/\/sleepcity.ee\/toode\/kattemadrats-tempur-pro-smartcool\/","og_site_name":"SleepCity - Hea Une Valem","article_publisher":"http:\/\/www.fb.com\/TempurEstonia","article_modified_time":"2025-05-23T18:02:33+00:00","og_image":[{"width":1300,"height":730,"url":"https:\/\/sleepcity.ee\/wp-content\/uploads\/2023\/09\/TEMPUR-Pro-Plus-SmartCool-Topper-4.jpg","type":"image\/jpeg"}],"twitter_card":"summary_large_image","twitter_misc":{"Est. reading time":"1 minut"},"schema":{"@context":"https:\/\/schema.org","@graph":[{"@type":"WebPage","@id":"https:\/\/sleepcity.ee\/toode\/kattemadrats-tempur-pro-smartcool\/","url":"https:\/\/sleepcity.ee\/toode\/kattemadrats-tempur-pro-smartcool\/","name":"Kattemadrats Tempur PRO Smartcool - SleepCity - Hea Une Valem","isPartOf":{"@id":"https:\/\/sleepcity.ee\/#website"},"primaryImageOfPage":{"@id":"https:\/\/sleepcity.ee\/toode\/kattemadrats-tempur-pro-smartcool\/#primaryimage"},"image":{"@id":"https:\/\/sleepcity.ee\/toode\/kattemadrats-tempur-pro-smartcool\/#primaryimage"},"thumbnailUrl":"https:\/\/sleepcity.ee\/wp-content\/uploads\/2023\/09\/TEMPUR-Pro-Plus-SmartCool-Topper-4.jpg","datePublished":"2023-09-07T11:19:10+00:00","dateModified":"2025-05-23T18:02:33+00:00","description":"TEMPUR Topper Pro Plus on toodetud uue TEMPUR Advanced materjaliga. Kattemadrats kohandub kergesti teie kehaga, keerates k\u00fclge neelab kattemadrats liigutamisest tekkinud v\u00f5nked.","breadcrumb":{"@id":"https:\/\/sleepcity.ee\/toode\/kattemadrats-tempur-pro-smartcool\/#breadcrumb"},"inLanguage":"et","potentialAction":[{"@type":"ReadAction","target":["https:\/\/sleepcity.ee\/toode\/kattemadrats-tempur-pro-smartcool\/"]}]},{"@type":"ImageObject","inLanguage":"et","@id":"https:\/\/sleepcity.ee\/toode\/kattemadrats-tempur-pro-smartcool\/#primaryimage","url":"https:\/\/sleepcity.ee\/wp-content\/uploads\/2023\/09\/TEMPUR-Pro-Plus-SmartCool-Topper-4.jpg","contentUrl":"https:\/\/sleepcity.ee\/wp-content\/uploads\/2023\/09\/TEMPUR-Pro-Plus-SmartCool-Topper-4.jpg","width":1300,"height":730},{"@type":"BreadcrumbList","@id":"https:\/\/sleepcity.ee\/toode\/kattemadrats-tempur-pro-smartcool\/#breadcrumb","itemListElement":[{"@type":"ListItem","position":1,"name":"Home","item":"https:\/\/www.sleepcity.ee\/"},{"@type":"ListItem","position":2,"name":"Pood","item":"https:\/\/sleepcity.ee\/pood\/"},{"@type":"ListItem","position":3,"name":"Kattemadrats Tempur PRO Smartcool"}]},{"@type":"WebSite","@id":"https:\/\/sleepcity.ee\/#website","url":"https:\/\/sleepcity.ee\/","name":"Tempur Shop","description":"TEMPUR madratsid, voodid, padjad ja muud unetooted.","publisher":{"@id":"https:\/\/sleepcity.ee\/#organization"},"potentialAction":[{"@type":"SearchAction","target":{"@type":"EntryPoint","urlTemplate":"https:\/\/sleepcity.ee\/?s={search_term_string}"},"query-input":{"@type":"PropertyValueSpecification","valueRequired":true,"valueName":"search_term_string"}}],"inLanguage":"et"},{"@type":"Organization","@id":"https:\/\/sleepcity.ee\/#organization","name":"VG Design O\u00dc","url":"https:\/\/sleepcity.ee\/","logo":{"@type":"ImageObject","inLanguage":"et","@id":"https:\/\/sleepcity.ee\/#\/schema\/logo\/image\/","url":"https:\/\/sleepcity.ee\/wp-content\/uploads\/2023\/09\/sleepcity_logo.png","contentUrl":"https:\/\/sleepcity.ee\/wp-content\/uploads\/2023\/09\/sleepcity_logo.png","width":1034,"height":318,"caption":"VG Design O\u00dc"},"image":{"@id":"https:\/\/sleepcity.ee\/#\/schema\/logo\/image\/"},"sameAs":["http:\/\/www.fb.com\/TempurEstonia","http:\/\/www.instagram.com\/tempurestonia"]}]}},"_links":{"self":[{"href":"https:\/\/sleepcity.ee\/wp-json\/wp\/v2\/product\/5509","targetHints":{"allow":["GET"]}}],"collection":[{"href":"https:\/\/sleepcity.ee\/wp-json\/wp\/v2\/product"}],"about":[{"href":"https:\/\/sleepcity.ee\/wp-json\/wp\/v2\/types\/product"}],"replies":[{"embeddable":true,"href":"https:\/\/sleepcity.ee\/wp-json\/wp\/v2\/comments?post=5509"}],"wp:featuredmedia":[{"embeddable":true,"href":"https:\/\/sleepcity.ee\/wp-json\/wp\/v2\/media\/5510"}],"wp:attachment":[{"href":"https:\/\/sleepcity.ee\/wp-json\/wp\/v2\/media?parent=5509"}],"wp:term":[{"taxonomy":"product_brand","embeddable":true,"href":"https:\/\/sleepcity.ee\/wp-json\/wp\/v2\/product_brand?post=5509"},{"taxonomy":"product_cat","embeddable":true,"href":"https:\/\/sleepcity.ee\/wp-json\/wp\/v2\/product_cat?post=5509"},{"taxonomy":"product_tag","embeddable":true,"href":"https:\/\/sleepcity.ee\/wp-json\/wp\/v2\/product_tag?post=5509"}],"curies":[{"name":"wp","href":"https:\/\/api.w.org\/{rel}","templated":true}]}}